b = 20 + 4. What is the remainder when 190 is divided by b?
22
Let h be ((-3 - -4) + 0)*1. Let i = h - 1. Suppose 2*s + 5*o - 134 = -i*s, 2*s - o - 134 = 0. What is the remainder when s is divided by 17?
16
Let m(o) = 2*o**2 - 30*o - 21. What is the remainder when 32 is divided by m(16)?
10
Suppose -3*f - 4*k + 42 = 0, -f - 5*k + 56 = 3*f. Suppose 195 = 65*j - 60*j. Calculate the remainder when j is divided by f.
11
Let l = 48 - 33. Calculate the remainder when 57 is divided by l.
12
Let i(h) = -2*h + 3. Suppose -17 = 5*c + 8. Calculate the remainder when 0/4 + 38 + -1 is divided by i(c).
11
Let a = -10 - -18. Let l(h) = -h**3 + 9*h**2 - 6*h - 4. Calculate the remainder when l(8) is divided by a.
4
Let m(s) = -2*s**2 + 47*s + 35. Suppose 0*n = -4*n + 2*w + 14, 5*n = -5*w - 5. What is the remainder when (n + 0)/(2/31) is divided by m(24)?
9
Suppose 0 = -5*m, 2*x - m = 4*m + 112. Calculate the remainder when x is divided by (452/20 - 3) + 6/(-10).
18
Let m(b) = b**3 + 6*b**2 + b. Suppose -5*w = 4*g + g, -w = 2*g + 5. Let n be m(g). What is the remainder when 13 is divided by 76/10 - (-8)/n?
5
What is the remainder when 124 is divided by 124/5 - (-3)/15?
24
Suppose 3*j = -y + 42, 5*j = y - 23 + 93. Suppose -3*b = -n - 8*b + 36, 3*b = -3*n + 120. Calculate the remainder when n is divided by j.
13
Let z be (-60)/(-27) - 8/36. Suppose 0 = z*w - 12 - 0. Calculate the remainder when 22 is divided by w.
4
Suppose -42 = -4*g + 4*o + 86, -o = 4*g - 103. Calculate the remainder when 30/(-25)*(-130)/3 is divided by g.
25
Let x(v) = v**3 + 2*v**2 - 3*v + 2. Let b be x(-3). Suppose -b*j - 2*j = -12. Let n(t) = 2*t + 5. What is the remainder when n(0) is divided by j?
2
Let m be 6/9 + (-16)/(-3). Let d(s) = -s + 8. What is the remainder when d(m) is divided by 2?
0
Suppose -6*b + 32 = -4*b. What is the remainder when 63 is divided by b?
15
Let u be (10/4)/((-1)/2). Calculate the remainder when (-2)/8 + (-138)/(-8) is divided by (-4 - u) + 7 + 1.
8
Suppose -16*h + 17*h - 36 = 0. Calculate the remainder when h is divided by 19.
17
Let g = 80 + -12. Suppose 0 = 4*i + 5*h - g, 3*h + 92 = 4*i + 2*h. Calculate the remainder when i is divided by 12.
10
Let d(b) = -b**2 + 11*b - 22. What is the remainder when d(8) is divided by 1?
0
Suppose -4*m + 4*h = -52, -5*m + 80 = h + 15. What is the remainder when 50 is divided by m?
11
What is the remainder when -134*(1 - -1)/(-4) is divided by 23?
21
Suppose 5*k = 2*k + 21. Let z(v) = v**2. Calculate the remainder when k is divided by z(-2).
3
Suppose -3*x - 5*w = -2, 2*x + 2*w - 4 = 4. Calculate the remainder when 17 is divided by x.
8
Let j = 15 - 3. Calculate the remainder when 33 is divided by j.
9
Suppose 0 = 4*q + 5*v - 3*v - 132, -v - 99 = -3*q. Calculate the remainder when 97 is divided by q.
31
Suppose -5*k + 75 = -0*k. Let f = k + -11. Suppose 2*m - 5 = 3*h, f*h + 7 = 3*h + 2*m. What is the remainder when 1 is divided by h?
0
Let u(v) = v + 13. Calculate the remainder when u(6) is divided by 7.
5
Let y = 28 - -11. What is the remainder when y/3 - (9 - 6) is divided by 3?
1
Suppose -2*a - 36 = -4*t, 5*t = -5*a + 33 + 27. What is the remainder when 6 is divided by (9/(-6))/((-3)/t)?
1
Suppose 3*k + 2 = 38. Let v = k - -7. Let z = v - 9. Calculate the remainder when z is divided by 3.
1
Let s be 4/6 - (-568)/12. Suppose -33 = -3*u + s. What is the remainder when u is divided by 10?
7
Suppose 0 = -0*k + 2*k - 4*i - 24, 2*i = -5*k + 72. Let b(a) = 7*a**2 + 1. What is the remainder when k is divided by b(-1)?
6
Suppose 5*w = 4*w - 7. Let g(p) = 8 + p**2 + p + 0*p**2 + 5*p + 0*p. What is the remainder when 28 is divided by g(w)?
13
Let t = -282 - -401. What is the remainder when t is divided by 30?
29
Let c be (2 + 21)/(1 - 2). Let b = 8 - c. Let j = 24 + -13. What is the remainder when b is divided by j?
9
Let h(a) = -a**2 + 8*a + 13. What is the remainder when h(8) is divided by 3?
1
Let w(s) = 2*s**3 + 28*s**2 + 17*s - 8. What is the remainder when w(-13) is divided by 22?
21
Let t be (4/(-2))/(2/3). Let j = -25 - -29. Let q = j - t. What is the remainder when 12 is divided by q?
5
Let r be ((-10)/(-6))/((-2)/(-18)). Let q = 26 - 16. Calculate the remainder when (-4)/10 - (-576)/r is divided by q.
8
Let h(c) = -c**2 - 9*c - 10. Let k be h(-7). Let v = k + 0. Calculate the remainder when 11 is divided by v.
3
Calculate the remainder when 21 + ((-18)/72 - (-26)/8) is divided by 3.
0
Suppose 4*j - t = 2*j + 46, -4 = t. Let r = 34 - j. What is the remainder when r is divided by 8?
5
Let j(i) = i**3 - 4*i**2 - 1. Let u be j(4). Suppose -n + 68 = 3*n. Calculate the remainder when n is divided by (u - -10)*8/12.
5
Suppose -2*x = -3*x + 16. Suppose 2*y + x = 4*y. Calculate the remainder when y is divided by ((-3)/(-4))/((-2)/(-8)).
2
Suppose 3*b - 8 = -0*s + s, -2*s = -3*b + 7. Suppose -1 = -z + m + b, -7 = -4*z - 5*m. Calculate the remainder when 10 is divided by z.
1
Suppose 16*b - 633 = 55. Let v = -14 + 25. What is the remainder when b is divided by v?
10
Suppose 4*p = -0*p. Suppose -2*j + 5*j - 9 = p. Suppose 3*o - 21 = -4*b + 36, 5*b + j*o - 69 = 0. What is the remainder when 34 is divided by b?
10
Let a = -21 - -57. What is the remainder when 142 is divided by a?
34
Let b = 4 - -15. Calculate the remainder when 73 is divided by b.
16
Let a(n) = -14*n**3 - n**2 + 1. Suppose 0 = -3*b + 2*t, 3*b + b - 5*t + 7 = 0. Calculate the remainder when a(-1) is divided by 16/(0 + b - 0).
6
Let y(r) = 26*r - 2. Let z be y(-3). Let m(j) = 4*j + 23. What is the remainder when ((-2)/(-4))/((-2)/z) is divided by m(-3)?
9
Suppose -i = m - 8, -i + 5*m = -2*i. What is the remainder when 19 is divided by i?
9
Suppose -4*c = d + 55, -123 = 5*c - 2*d - 38. Let z = 23 + c. Calculate the remainder when 31 is divided by z.
7
Suppose o - 12 = 3. What is the remainder when 44 is divided by o?
14
Suppose f = -2*j + 5*f + 170, -5*j + 2*f + 417 = 0. Calculate the remainder when j is divided by (-1 + -2 + 17)/(2/3).
20
Let i(k) = -3*k**3 - k**2. Let d(l) = -l**3 + 8*l**2 + 20*l + 2. What is the remainder when d(10) is divided by i(-1)?
0
Let c(v) = 11*v + 3. What is the remainder when c(4) is divided by 12?
11
Let g be -9*-5*(-24)/(-9). Let m = -45 - -68. Calculate the remainder when m is divided by g/9 + (-6)/18.
10
Let i = -2 + -22. Let k = i + 83. Calculate the remainder when k is divided by 15.
14
Let t(u) = 56*u**2 - 2*u + 1. Let f be t(1). Suppose -54 = -4*o - 3*j + j, 0 = -4*o - 3*j + f. What is the remainder when o is divided by 8?
5
Let q(l) = l**2 - 4*l - 10. Suppose -5*m + 175 = -35. What is the remainder when m is divided by q(8)?
20
Let d = -64 - -177. Calculate the remainder when d is divided by 19.
18
Let q = -2 + 3. Let p(c) = 9*c**3 + c**2 - c. What is the remainder when 17 is divided by p(q)?
8
Let a = 21 - 6. Let l be (2 + 2)*3/3. Suppose 4*p + l*y - 188 = 0, -223 = p - 6*p - y. Calculate the remainder when p is divided by a.
14
Suppose -z - 10 = -r + 1, 2*z - 3*r + 24 = 0. Let u = z + 27. Suppose 0*g - g = -u. What is the remainder when g is divided by 10?
8
Let i(w) = 10*w + 2. Calculate the remainder when -2 + (-5)/((-5)/49) is divided by i(1).
11
Suppose y - 4*h = 140, 0 = -y - 9*h + 4*h + 113. Calculate the remainder when y is divided by 43.
42
Let h be 0/(-1)*3/(-9). Suppose -m + h*m = -12. What is the remainder when m is divided by 7?
5
Suppose 2*m = 3*b + 21, 5 = b + 10. Suppose -d - 3 = 5. Let j = -6 - d. Calculate the remainder when m is divided by j.
1
Let o be 142/(-12)*-3*-2. Let w = -19 - o. Calculate the remainder when w is divided by 18.
16
Let l(p) be the first derivative of -p**2/2 + 7*p - 2. What is the remainder when 31 is divided by l(-4)?
9
Let h = -7 - -12. Suppose 2*f + 2 = 4*g - 8*g, h*f + 19 = -3*g. Suppose -5*p = g*q - p - 38, 2*q + 5*p = 38. Calculate the remainder when 36 is divided by q.
17
Let c(w) = 24*w**2 - w - 1. Let y(h) = h**3 - 7*h**2 + 7*h - 7. Let l be y(6). What is the remainder when c(l) is divided by 9?
6
Let j(r) = 2*r + 7. Let p be j(-7). Let s = p + 8. Calculate the remainder when 2 is divided by s.
0
Suppose 0 = -o + 6*o - 15. Let f = 10 + o. Calculate the remainder when f is divided by 5.
3
Let s(m) = 5*m + 7. Let c be s(-8). Let x = c + 47. Calculate the remainder when 52 is divid